 68 divide 2720?
True
Is 18 a factor of 2375?
False
Is 39 a factor of 37284?
True
Is 607 a multiple of 5?
False
Is 41 a factor of 4510?
True
Is 79 a factor of 4087?
False
Is 109 a factor of 40310?
False
Is 2 a factor of 268?
True
Is 33 a factor of 486?
False
Does 70 divide 4270?
True
Is 12 a factor of 2977?
False
Is 14041 a multiple of 4?
False
Is 115 a factor of 1380?
True
Is 62 a factor of 5642?
True
Is 35880 a multiple of 7?
False
Is 1198 a multiple of 3?
False
Is 47 a factor of 4465?
True
Is 78 a multiple of 4?
False
Is 20 a factor of 400?
True
Is 18 a factor of 1422?
True
Does 58 divide 6438?
True
Is 113583 a multiple of 34?
False
Does 5 divide 825?
True
Is 18669 a multiple of 20?
False
Does 140 divide 4060?
True
Is 2574 a multiple of 26?
True
Does 137 divide 70418?
True
Is 14753 a multiple of 32?
False
Does 222 divide 28860?
True
Is 1059 a multiple of 29?
False
Is 22 a factor of 14564?
True
Is 67 a factor of 16765?
False
Does 98 divide 2156?
True
Is 17 a factor of 34000?
True
Is 5 a factor of 544?
False
Is 910 a multiple of 61?
False
Is 46230 a multiple of 67?
True
Is 12 a factor of 872?
False
Is 21 a factor of 4515?
True
Is 134 a factor of 12194?
True
Is 2772 a multiple of 19?
False
Is 20 a factor of 832?
False
Is 109121 a multiple of 71?
False
Is 85 a multiple of 9?
False
Is 22285 a multiple of 25?
False
Is 861 a multiple of 21?
True
Is 594 a multiple of 27?
True
Does 22 divide 13442?
True
Is 70 a factor of 3150?
True
Is 438 a multiple of 43?
False
Is 23 a factor of 82386?
True
Is 13962 a multiple of 13?
True
Is 8 a factor of 1136?
True
Is 976 a multiple of 13?
False
Does 17 divide 3315?
True
Does 13 divide 923?
True
Is 16 a factor of 33744?
True
Is 90272 a multiple of 104?
True
Is 1831 a multiple of 11?
False
Does 50 divide 428?
False
Is 52 a factor of 36348?
True
Does 7 divide 5950?
True
Is 4 a factor of 10352?
True
Is 669 a multiple of 65?
False
Does 47 divide 2021?
True
Is 27 a factor of 955?
False
Is 20453 a multiple of 21?
False
Is 6824 a multiple of 81?
False
Is 25 a factor of 520?
False
Does 5 divide 1110?
True
Is 18 a factor of 11088?
True
Is 16 a factor of 32?
True
Is 127 a factor of 1270?
True
Is 100680 a multiple of 40?
True
Is 1685 a multiple of 17?
False
Does 66 divide 76927?
False
Is 12 a factor of 1140?
True
Is 83448 a multiple of 61?
True
Does 16 divide 41984?
True
Does 45 divide 51705?
True
Does 17 divide 2669?
True
Does 8 divide 40720?
True
Is 22 a factor of 730?
False
Does 8 divide 632?
True
Is 36 a factor of 4896?
True
Is 682 a multiple of 11?
True
Is 3355 a multiple of 11?
True
Does 212 divide 60632?
True
Is 112 a multiple of 3?
False
Does 4 divide 436?
True
Does 11 divide 1617?
True
Does 35 divide 1207?
False
Is 4323 a multiple of 33?
True
Is 28 a factor of 2901?
False
Does 19 divide 1717?
False
Is 1512 a multiple of 63?
True
Is 77 a factor of 1205?
False
Is 176 a factor of 23232?
True
Is 80 a factor of 4495?
False
Does 117 divide 17010?
False
Does 113 divide 55709?
True
Does 43 divide 731?
True
Is 2275 a multiple of 13?
True
Does 5 divide 192?
False
Is 2156 a multiple of 22?
True
Does 44 divide 2371?
False
Does 71 divide 2059?
True
Is 2846 a multiple of 75?
False
Does 8 divide 888?
True
Is 4 a factor of 26092?
True
Is 8 a factor of 476?
False
Is 1720 a multiple of 5?
True
Is 5 a factor of 4025?
True
Is 6 a factor of 3540?
True
Is 21 a factor of 9448?
False
Is 160 a multiple of 20?
True
Is 132 a multiple of 11?
True
Is 1610 a multiple of 64?
False
Is 13 a factor of 1304?
False
Is 444 a multiple of 8?
False
Does 48 divide 2688?
True
Is 27 a factor of 270?
True
Does 13 divide 24401?
True
Is 25 a factor of 778?
False
Does 57 divide 5750?
False
Is 32 a factor of 44384?
True
Is 498 a multiple of 36?
False
Does 35 divide 2030?
True
Is 55556 a multiple of 172?
True
Is 6930 a multiple of 22?
True
Does 77 divide 693?
True
Is 10 a factor of 24?
False
Is 51 a factor of 204?
True
Is 28251 a multiple of 6?
False
Is 73 a factor of 588?
False
Does 11 divide 29107?
False
Is 9 a factor of 42653?
False
Is 840 a multiple of 132?
False
Is 635 a multiple of 30?
False
Is 28 a factor of 524?
False
Is 4 a factor of 209?
False
Is 2880 a multiple of 45?
True
Is 13 a factor of 5273?
False
Does 130 divide 10660?
True
Is 5 a factor of 67?
False
Is 5885 a multiple of 11?
True
Is 39 a factor of 28899?
True
Is 711 a multiple of 79?
True
Is 597 a multiple of 3?
True
Does 183 divide 37219?
False
Is 13650 a multiple of 26?
True
Is 12 a factor of 44?
False
Is 5 a factor of 229?
False
Is 2863 a multiple of 7?
True
Is 1042 a multiple of 30?
False
Is 39 a factor of 345?
False
Is 38 a factor of 1748?
True
Is 57 a factor of 11830?
False
Does 14 divide 1589?
False
Is 22494 a multiple of 30?
False
Does 19 divide 1121?
True
Does 2 divide 789?
False
Is 23961 a multiple of 163?
True
Is 248 a multiple of 8?
True
Is 145347 a multiple of 30?
False
Is 1190 a multiple of 70?
True
Is 40 a factor of 480?
True
Is 3 a factor of 141?
True
Is 30247 a multiple of 149?
True
Is 8 a factor of 2920?
True
Is 638 a multiple of 29?
True
Is 65 a factor of 4406?
False
Is 8 a factor of 544?
True
Does 2 divide 338?
True
Does 10 divide 100?
True
Does 5 divide 705?
True
Is 7 a factor of 384?
False
Is 4520 a multiple of 5?
True
Is 1872 a multiple of 72?
True
Does 9 divide 34686?
True
Is 45 a factor of 3780?
True
Does 113 divide 30736?
True
Is 335 a multiple of 7?
False
Is 44485 a multiple of 205?
True
Is 15 a factor of 20648?
False
Is 537 a multiple of 12?
False
Is 6289 a multiple of 19?
True
Is 69 a factor of 359?
False
Does 10 divide 3280?
True
Does 27 divide 2287?
False
Does 6 divide 938?
False
Does 47 divide 564?
True
Does 56 divide 11090?
False
Is 489 a multiple of 19?
False
Is 704 a multiple of 12?
False
Is 8 a factor of 20724?
False
Does 28 divide 28?
True
Does 63 divide 17199?
True
Is 44 a factor of 475?
False
Is 20 a factor of 6260?
True
Is 20 a factor of 780?
True
Is 6184 a multiple of 174?
False
Is 15 a factor of 2340?
True
Is 8 a factor of 536?
True
Does 17 divide 10333?
False
Does 5 divide 793?
False
Is 25 a factor of 26375?
True
Is 294 a multiple of 26?
False
Is 9 a factor of 349?
False
Is 7 a factor of 13068?
False
Does 15 divide 47687?
False
Does 9 divide 47306?
False
Does 30 divide 831?
False
Is 17792 a multiple of 8?
True
Is 9672 a multiple of 26?
True
Is 22 a factor of 11050?
False
Is 13 a factor of 5707?
True
Is 26 a factor of 1585?
False
Is 107300 a multiple of 148?
True
Is 22106 a multiple of 50?
False
Is 217 a multiple of 5?
False
Does 18 divide 342?
True
Does 12 divide 1596?
True
Is 72089 a multiple of 109?
False
Is 330 a multiple of 6?
True
Is 756 a multiple of 6?
True
Is 56405 a multiple of 13?
False
Is 5 a factor of 180?
True
Is 80 a multiple of 21?
False
Does 4 divide 380?
True
Is 1875 a multiple of 168?
False
Is 2244 a multiple of 51?
True
Is 450 a multiple of 5?
True
Is 26917 a multiple of 18?
False
Is 8 a factor of 2024?
True
Does 5 divide 906?
False
Is 143 a multiple of 11?
True
Does 7 divide 3829?
True
Is 158 a factor of 17222?
True
Is 23 a factor of 844?
False
Is 5876 a multiple of 13?
True
Does 19 divide 3116?
True
Is 86 a factor of 20984?
True
Does 22 divide 10328?
False
Does 29 divide 31520?
False
Does 9 divide 452?
False
Is 43 a factor of 217?
False
Is 21060 a multiple of 195?
True
Does 37 divide 10660?
False
Does 42 divide 1841?
False
Does 36 divide 2088?
True
Is 58 a factor of 1740?
True
Does 4 divide 1608?
True
Is 22832 a multiple of 49?
False
Is 142 a factor of 41180?
True
Is 13 a factor of 1079?
True
Is 43 a factor of 1247?
True
Is 319 a multiple of 34?
False
Does 64 divide 2240?
True
Is 26 a factor of 1142?
False
Is 1258 a multiple of 20?
False
Does 4 divide 1902?
False
Is 4 a factor of 19172?
True
Does 45 divide 1035?
True
Is 23 a factor of 3263?
False
Does 18 divide 322?
False
Is 150 a multiple of 3?
True
Is 76 even?
True
Is 5 a factor of 1020?
True
Does 23 divide 230?
True
Is 7 a factor of 1077?
False
Is 20 a factor of 15381?
False
Is 332 a multiple of 22?
False
Is 14718 a multiple of 22?
True
Is 17 a factor of 5392?
False
Is 6868 a multiple of 101?
True
Is 476 a multiple of 28?
True
Does 112 divide 15792?
True
Is 9 a factor of 207?
True
Is 51645 a multiple of 11?
True
Does 24 divide 5661?
False
Is 9112 a multiple of 66?
False
Is 39